st the prime factors of q(-10).
3, 7, 41
Suppose 14 = 4*y - k, -2*y = -2*k - 1 - 3. Suppose h = y*h - 5*g - 276, 4*g = 0. What are the prime factors of h?
2, 23
Suppose -5*c - w = -4*w - 40, -2*c + 5 = w. Suppose 0 = c*l - d - 120, l + 2*d = -0*d + 13. List the prime factors of l.
23
What are the prime factors of ((-7009)/86)/((-2)/52 + 0)?
13, 163
Let s = 2 - -80. What are the prime factors of s?
2, 41
Let f(l) = 15 + 8*l**3 + 6*l**3 + 6*l**3 + 11*l**2 + 2*l - 21*l**3. Let a be (-22)/1*(-1)/2. What are the prime factors of f(a)?
37
Let l(v) be the third derivative of -11/24*v**4 + 0 + 0*v - 1/3*v**3 + 1/30*v**5 - 10*v**2. List the prime factors of l(8).
2, 19
Let u(s) = 2*s**3 - 2*s**2 + 1. Let n be u(1). What are the prime factors of n + 4/(-6) + 418/114?
2
Let k = -17 - -19. Let v(f) = 3*f**2 + 3*f + 2. Let b be v(-4). Suppose k*u = b + 6. What are the prime factors of u?
2, 11
Suppose 14 + 13 = -3*z. What are the prime factors of 1 - 3/(z/168)?
3, 19
Suppose -209 = 5*g - 16*g. What are the prime factors of g?
19
Let s be (-210)/63*((1 - 3) + 8). Suppose -41 = -v + 8. Let z = s + v. List the prime factors of z.
29
Let f = -432 + 904. Suppose 40*n - 41*n + 9 = 0. Suppose l + f = n*l. What are the prime factors of l?
59
Let s = -887 - -1122. List the prime factors of s.
5, 47
Let j(v) = -12*v**2 - 2*v - 4. Let l be j(-3). Let k = -194 - l. List the prime factors of (k/12)/((-2)/3).
11
Suppose -15*j = 142 - 1927. What are the prime factors of j?
7, 17
Let m(x) = x**2 - 3*x + 2. Let k be m(2). Suppose g + 5*d - 109 = k, 2*g + 6*d - 213 = d. Suppose 5*t - g = 41. What are the prime factors of t?
29
Suppose 3926 = 24*l + 2*l. List the prime factors of l.
151
Let b = -756 - -1785. What are the prime factors of b?
3, 7
Let s be (2 + 0)/(26/611). Let x = s - -22. List the prime factors of x.
3, 23
Let h = 141 - 62. What are the prime factors of h?
79
Suppose 1703 = 5*s - 3*k, 0 = 5*s - k - 2476 + 765. What are the prime factors of s?
7
Let h be 5/(15/6) + 218. Suppose 5*z + 5*z = h. What are the prime factors of z?
2, 11
Let a = 10 + -29. Let n = 41 - 0. Let p = a + n. List the prime factors of p.
2, 11
Let w(o) be the second derivative of -2*o**3/3 - 11*o**2/2 - o. Let l be w(-8). List the prime factors of (-5)/(-4) - l/(-28).
2
Let k = -107 - -112. Let f be ((-2)/4)/((-2)/16). Suppose g + 5 + 4 = y, -f*y + k*g + 39 = 0. What are the prime factors of y?
2, 3
Let n be (-2142)/(-273) - (-2)/13. List the prime factors of ((-6)/n)/(12/(-80)).
5
Let j = 94 + 396. Suppose -123*f + j = -118*f. List the prime factors of f.
2, 7
Let d = -131 + 142. What are the prime factors of d?
11
Let m = 34 + -38. What are the prime factors of -4 + ((-40)/(-2) - m)?
2, 5
Let g(k) be the first derivative of 8*k**2 + 5*k + 1. Suppose 24*o = 40*o - 48. What are the prime factors of g(o)?
53
Let o(m) = -25*m + 1. Suppose -5*f - 5*y = 70, 0 = -f + 3*y - 2*y - 14. Let g = -15 - f. What are the prime factors of o(g)?
2, 13
Let i be 8/(-20) + 6660/25. Suppose 0 = -3*b + 5*p + 790, b + i = 2*b - 3*p. What are the prime factors of b?
2, 5, 13
Let l = 74 + 1068. List the prime factors of l.
2, 571
Let j(g) = -g**3 - 5*g**2 + 5. Let m be j(-5). Let u(a) = a**3 - 7*a**2 + 7*a - 6. Let k be u(m). List the prime factors of (48/14)/((-3)/k).
2, 3
Let x = 312 + -222. Suppose -92*l = -x*l - 496. List the prime factors of l.
2, 31
Let w(v) = v**2 + 7*v - 13. Let l be w(-9). Suppose -92 = -l*k + 583. List the prime factors of k.
3, 5
Suppose -n - n = -22. Let k(o) = o + 3 - 4 - 5*o**3 - n*o**3 + 2. List the prime factors of k(-1).
2
Suppose 6*l + 568 = 4*l - 4*k, -2*k - 836 = 3*l. Let g = l + 398. List the prime factors of g.
2, 61
Suppose 0 = 2*o - 5*d - 7, -2*o - 3*o + 27 = -3*d. Suppose 0*t + 2*t = o. Suppose 0 = -4*l - k + 36, -t*k + 5 = -7. List the prime factors of l.
2
Suppose 0 = -3*c + 1343 + 595. List the prime factors of c.
2, 17, 19
Let u = -3263 + 4921. List the prime factors of u.
2, 829
Let l = -79 - -73. Suppose 0 = -2*j + 4*j + 16. List the prime factors of 4/l*264/j.
2, 11
Suppose 0*m + 2583 = 3*m. Suppose 0 = -z + 8*z - m. List the prime factors of z.
3, 41
Let w be ((-83)/(-2))/(1/2). Suppose l + 21 = -y + 89, -y - 4*l = -w. What are the prime factors of y?
3, 7
Suppose m = 4*m - 177. Suppose -4*p + 74 = -2*j, 8*p = 4*p - j + m. Suppose -f + p = 5*g - 38, -3*f + 162 = 3*g. List the prime factors of f.
2, 3
Let m(x) = 3*x + 25. Let t be m(-11). Let y(p) = 7*p - 15. Let d be y(t). What are the prime factors of (-2 - d) + 8/(-4)?
67
Suppose -11956 = 75*m - 45031. What are the prime factors of m?
3, 7
Let q(a) = -a**2 + 48*a + 70. What are the prime factors of q(31)?
3, 199
Let d = 2293 - 291. What are the prime factors of d?
2, 7, 11, 13
Let z(y) = -868*y - 85. List the prime factors of z(-6).
47, 109
Suppose 0 = t - 111 - 248. What are the prime factors of t?
359
Suppose -19 = -4*k - 15. Let o(r) = -79*r - 1. Let q be o(k). List the prime factors of (-60)/q + 225/4.
3, 19
Let z(i) = -9*i + 18. Let l be z(-21). Suppose 5*f = n - 2*n + l, 2*n - 4*f = 414. What are the prime factors of n?
3, 23
Suppose -k - 4*c = -0*c - 1809, 0 = 5*k + 4*c - 9045. List the prime factors of k.
3, 67
Let s be 6 - (-3 - -5)*1. Suppose -2*n = 3*n + 4*l - 12, -8 = s*l. Suppose n = h - 12. List the prime factors of h.
2
Let j(x) be the first derivative of 13*x - 8 - 1/3*x**3 - 6*x**2. What are the prime factors of j(-7)?
2, 3
Suppose 2*d = m + 5923, 16*d - 11*d - 3*m = 14806. What are the prime factors of d?
2963
Let m = 62 - 60. Suppose -m*w - 657 = -11*w. List the prime factors of w.
73
Let z = 27 + -22. Suppose -631 - 54 = -z*v. List the prime factors of v.
137
Let d(q) = q - 6*q - q + 1 - 5. What are the prime factors of d(-6)?
2
Let q = -11 + 7. Let f = 6 + q. Suppose f*n = -n + 48. What are the prime factors of n?
2
Let s = -3 + 5. Suppose 3*a + s*a = -310. Let g = -39 - a. What are the prime factors of g?
23
Suppose 2*j = 3*t + 82, -4*j = -9*j - t + 222. Let a = j - -136. List the prime factors of a.
2, 3, 5
Suppose 23*f - 21*f - 2338 = 0. List the prime factors of f.
7, 167
Suppose -234 = 3*f + x, f - 380 = 6*f + 5*x. Let r = f + 51. Let b = r - -77. What are the prime factors of b?
7
Let i = -1260 + 1753. What are the prime factors of i?
17, 29
Let u = -5 + 10. Suppose -u*s - 15 = 0, 4*n + 5*s + 7 = -0*s. Suppose -k = n*k - 33. List the prime factors of k.
11
Suppose 0 = -3*q + 9, 5*j + 107 = -3*q + 2*q. Let w = 10 + 4. Let m = w - j. List the prime factors of m.
2, 3
Let t be ((-24)/9)/((-10)/90). Let j = 6 + t. List the prime factors of j.
2, 3, 5
List the prime factors of 3/(-2)*(-605 - 21).
3, 313
Let x = -232 - -478. Suppose 7*c = 468 + x. List the prime factors of c.
2, 3, 17
Suppose -4*b = 2*x - 14, 2*x + 3*x - 5*b - 5 = 0. Suppose -q + 51 = 4*y, 0*q + 39 = 4*y - x*q. List the prime factors of y.
2, 3
Let o = -577 - -632. List the prime factors of o.
5, 11
Suppose 11*i - 21793 = -20*i. List the prime factors of i.
19, 37
Suppose 47*u - 40*u = 4046. List the prime factors of u.
2, 17
Suppose 0 = -2*d + 1 + 7. Suppose -4*o + 156 = 4*x, -5*x + 0*x - 9 = -o. Suppose 0*s = -d*s + 4*q + 44, 4*q = -2*s + o. What are the prime factors of s?
13
Suppose 0 = a - 200 - 395. What are the prime factors of a?
5, 7, 17
Let y(t) = t**2 - t - 1. Let f be y(-2). Suppose -5*z = -p + 34, -2*z = -5*p - f*z + 30. Let n = p - 6. What are the prime factors of n?
3
Suppose 2*j = 4*p, 5*j + 0*p = -2*p + 12. Suppose 3 = j*b - 7. Suppose d - 6*d + 50 = -t, 0 = 5*d + b*t - 80. What are the prime factors of d?
11
Let t be 1 + (1 + -61)/(-3). Let g = t - -4. List the prime factors of g.
5
Let s = -120 - -173. Suppose s*f = 52*f + 253. List the prime factors of f.
11, 23
Let c = -8 - -14. Let s be 36/30*340/c. Suppose s = 2*o - 4*a, -140 = -5*o - 6*a + a. List the prime factors of o.
2, 3, 5
Suppose 65*z = 88*z - 25162. List the prime factors of z.
2, 547
Let o = 10 - 5. Suppose p = -3*p - o*y + 48, 3*y - 12 = 0. What are the prime factors of 0 + p*(-1 + 7)?
2, 3, 7
Let g = 23 + -18. Suppose -3*v = 2*v + g*o - 15, -5*v - 2*o = -21. Suppose -v*l + 25 = -115. What are the prime factors of l?
2, 7
Let r be 3 + -2 + 3 - (-2 + 271). Let h = -32 - r. List the prime factors of h.
233
Let g = 29 + -23. List the prime